{"id":2013,"date":"2023-02-23T19:39:39","date_gmt":"2023-02-23T19:39:39","guid":{"rendered":"https:\/\/centreseve.recherche.usherbrooke.ca\/events\/"},"modified":"2025-06-20T19:08:54","modified_gmt":"2025-06-20T19:08:54","slug":"events","status":"publish","type":"page","link":"https:\/\/centreseve.recherche.usherbrooke.ca\/en\/events\/","title":{"rendered":"Events"},"content":{"rendered":"\n<div class=\"wp-block-media-text is-stacked-on-mobile\"><figure class=\"wp-block-media-text__media\"><img fetchpriority=\"high\" decoding=\"async\" width=\"439\" height=\"152\" src=\"https:\/\/centreseve.recherche.usherbrooke.ca\/wp-content\/uploads\/2023\/02\/green_bamboo-logo.png\" alt=\"\" class=\"wp-image-207 size-full\" srcset=\"https:\/\/centreseve.recherche.usherbrooke.ca\/wp-content\/uploads\/2023\/02\/green_bamboo-logo.png 439w, https:\/\/centreseve.recherche.usherbrooke.ca\/wp-content\/uploads\/2023\/02\/green_bamboo-logo-300x104.png 300w\" sizes=\"(max-width: 439px) 100vw, 439px\" \/><\/figure><div class=\"wp-block-media-text__content\">\n<p>To find out about all the events organized by Centre S\u00c8VE<\/p>\n<\/div><\/div>\n\n<div class=\"wp-block-group is-style-default is-nowrap is-layout-flex wp-container-core-group-is-layout-ad2f72ca wp-block-group-is-layout-flex\">\n<div class=\"wp-block-columns alignfull are-vertically-aligned-bottom is-style-twentytwentyone-columns-overlap is-layout-flex wp-container-core-columns-is-layout-9d6595d7 wp-block-columns-is-layout-flex\">\n<div class=\"wp-block-column is-vertically-aligned-bottom is-layout-flow wp-block-column-is-layout-flow\" style=\"flex-basis:100%\">\n<div class=\"wp-block-group is-style-default is-vertical is-layout-flex wp-container-core-group-is-layout-8cf370e7 wp-block-group-is-layout-flex\"><ul style=\"padding-top:0;padding-bottom:0;padding-left:0;padding-right:0;\" class=\"wp-block-latest-posts__list aligncenter is-style-twentytwentyone-latest-posts-dividers wp-block-latest-posts has-extra-small-font-size\"><li><div class=\"wp-block-latest-posts__featured-image\"><img decoding=\"async\" width=\"300\" height=\"268\" src=\"https:\/\/centreseve.recherche.usherbrooke.ca\/wp-content\/uploads\/2025\/04\/call-for-applications-300x268.png\" class=\"attachment-medium size-medium wp-post-image\" alt=\"\" style=\"width:100%;height:89.32%;max-width:440px;\" srcset=\"https:\/\/centreseve.recherche.usherbrooke.ca\/wp-content\/uploads\/2025\/04\/call-for-applications-300x268.png 300w, https:\/\/centreseve.recherche.usherbrooke.ca\/wp-content\/uploads\/2025\/04\/call-for-applications.png 440w\" sizes=\"(max-width: 300px) 100vw, 300px\" \/><\/div><a class=\"wp-block-latest-posts__post-title\" href=\"https:\/\/centreseve.recherche.usherbrooke.ca\/en\/offre-de-maitrise-cerom\/\">Research Project Opportunity (Master or other)-C\u00c9ROM<\/a><div class=\"wp-block-latest-posts__post-excerpt\">C\u00c9ROM is looking for a student to participate to a multidisciplinary project (entomology, phytopathology) on the western bean cutworm, fusarium wilt, and mycotoxins, and their impacts on animal health. The objective of the project is to provide an up-to-date overview of mycotoxins in various corn crops across different regions of Quebec by assessing how VGOH&hellip; <a class=\"more-link\" href=\"https:\/\/centreseve.recherche.usherbrooke.ca\/en\/offre-de-maitrise-cerom\/\">Continue reading <span class=\"screen-reader-text\">Research Project Opportunity (Master or other)-C\u00c9ROM<\/span><\/a><\/div><\/li>\n<li><div class=\"wp-block-latest-posts__featured-image\"><img decoding=\"async\" width=\"300\" height=\"100\" src=\"https:\/\/centreseve.recherche.usherbrooke.ca\/wp-content\/uploads\/2025\/07\/Logo_JCS2025-300x100.png\" class=\"attachment-medium size-medium wp-post-image\" alt=\"\" style=\"width:100%;height:33.18%;max-width:1718px;\" srcset=\"https:\/\/centreseve.recherche.usherbrooke.ca\/wp-content\/uploads\/2025\/07\/Logo_JCS2025-300x100.png 300w, https:\/\/centreseve.recherche.usherbrooke.ca\/wp-content\/uploads\/2025\/07\/Logo_JCS2025-1024x340.png 1024w, https:\/\/centreseve.recherche.usherbrooke.ca\/wp-content\/uploads\/2025\/07\/Logo_JCS2025-768x255.png 768w, https:\/\/centreseve.recherche.usherbrooke.ca\/wp-content\/uploads\/2025\/07\/Logo_JCS2025-1536x510.png 1536w, https:\/\/centreseve.recherche.usherbrooke.ca\/wp-content\/uploads\/2025\/07\/Logo_JCS2025-1568x520.png 1568w, https:\/\/centreseve.recherche.usherbrooke.ca\/wp-content\/uploads\/2025\/07\/Logo_JCS2025.png 1718w\" sizes=\"(max-width: 300px) 100vw, 300px\" \/><\/div><a class=\"wp-block-latest-posts__post-title\" href=\"https:\/\/centreseve.recherche.usherbrooke.ca\/en\/journees-centre-seve-2025-3\/\">Journ\u00e9es Centre S\u00c8VE 2025<\/a><div class=\"wp-block-latest-posts__post-excerpt\">Looking back on the Journ\u00e9es Centre S\u00c8VE 2025 On November 20-21, the Journ\u00e9es Centre S\u00c8VE 2025 were held at the H\u00f4tel Ch\u00e9ribourg in Orford. \ud83c\udf3f Two days rich in exchanges, learning, and discoveries, during which we had the opportunity to&#8230; Attend keynote lectures by our guests of honour, Justine Karst (University of Alberta) and Frank&hellip; <a class=\"more-link\" href=\"https:\/\/centreseve.recherche.usherbrooke.ca\/en\/journees-centre-seve-2025-3\/\">Continue reading <span class=\"screen-reader-text\">Journ\u00e9es Centre S\u00c8VE 2025<\/span><\/a><\/div><\/li>\n<li><div class=\"wp-block-latest-posts__featured-image\"><img loading=\"lazy\" decoding=\"async\" width=\"300\" height=\"102\" src=\"https:\/\/centreseve.recherche.usherbrooke.ca\/wp-content\/uploads\/2025\/10\/Creation-sans-titre-1-300x102.png\" class=\"attachment-medium size-medium wp-post-image\" alt=\"\" style=\"width:100%;height:34.2%;max-width:500px;\" srcset=\"https:\/\/centreseve.recherche.usherbrooke.ca\/wp-content\/uploads\/2025\/10\/Creation-sans-titre-1-300x102.png 300w, https:\/\/centreseve.recherche.usherbrooke.ca\/wp-content\/uploads\/2025\/10\/Creation-sans-titre-1-1024x349.png 1024w, https:\/\/centreseve.recherche.usherbrooke.ca\/wp-content\/uploads\/2025\/10\/Creation-sans-titre-1-768x262.png 768w, https:\/\/centreseve.recherche.usherbrooke.ca\/wp-content\/uploads\/2025\/10\/Creation-sans-titre-1-1536x524.png 1536w, https:\/\/centreseve.recherche.usherbrooke.ca\/wp-content\/uploads\/2025\/10\/Creation-sans-titre-1-1568x535.png 1568w, https:\/\/centreseve.recherche.usherbrooke.ca\/wp-content\/uploads\/2025\/10\/Creation-sans-titre-1-e1761051447989.png 500w\" sizes=\"(max-width: 300px) 100vw, 300px\" \/><\/div><a class=\"wp-block-latest-posts__post-title\" href=\"https:\/\/centreseve.recherche.usherbrooke.ca\/en\/dei-training-self-promotion\/\">DEI Training &#8211; Self-promotion<\/a><div class=\"wp-block-latest-posts__post-excerpt\">Self-promotion at work: an essential skill for everyone Centre S\u00c8VE is pleased to collaborate with INTRIQ, COPL, CQMF, PROTEO, and RQMP to offer EDI training sessions. This fall, we invite you to join a workshop on self-promotion to learn how to effectively showcase your skills in the workplace and in your studies. Webinar Summary You\u2019ve&hellip; <a class=\"more-link\" href=\"https:\/\/centreseve.recherche.usherbrooke.ca\/en\/dei-training-self-promotion\/\">Continue reading <span class=\"screen-reader-text\">DEI Training &#8211; Self-promotion<\/span><\/a><\/div><\/li>\n<li><div class=\"wp-block-latest-posts__featured-image\"><img loading=\"lazy\" decoding=\"async\" width=\"225\" height=\"300\" src=\"https:\/\/centreseve.recherche.usherbrooke.ca\/wp-content\/uploads\/2025\/08\/Capture-decran-2025-08-19-092153-225x300.png\" class=\"attachment-medium size-medium wp-post-image\" alt=\"\" style=\"width:100%;height:133.5%;max-width:200px;\" srcset=\"https:\/\/centreseve.recherche.usherbrooke.ca\/wp-content\/uploads\/2025\/08\/Capture-decran-2025-08-19-092153-225x300.png 225w, https:\/\/centreseve.recherche.usherbrooke.ca\/wp-content\/uploads\/2025\/08\/Capture-decran-2025-08-19-092153-e1755609781529.png 200w\" sizes=\"(max-width: 225px) 100vw, 225px\" \/><\/div><a class=\"wp-block-latest-posts__post-title\" href=\"https:\/\/centreseve.recherche.usherbrooke.ca\/en\/workshop-on-antioxidants-general-public-project\/\">Workshop on Antioxidants &#8211; &#8220;General Public&#8221; Project<\/a><div class=\"wp-block-latest-posts__post-excerpt\">\ud83e\uddea Antioxidants in Food: High School Students Dive Into Biochemistry at Bishop\u2019s University On April 18, 2025, a group of high school students from Stanstead took part in a hands-on science workshop hosted at Bishop\u2019s University. The workshop, titled &#8220;Antioxidants in Food: Do Strawberries Have More Antioxidants than Blueberries?&#8220;, introduced students to the fascinating world&hellip; <a class=\"more-link\" href=\"https:\/\/centreseve.recherche.usherbrooke.ca\/en\/workshop-on-antioxidants-general-public-project\/\">Continue reading <span class=\"screen-reader-text\">Workshop on Antioxidants &#8211; &#8220;General Public&#8221; Project<\/span><\/a><\/div><\/li>\n<li><div class=\"wp-block-latest-posts__featured-image\"><img loading=\"lazy\" decoding=\"async\" width=\"300\" height=\"143\" src=\"https:\/\/centreseve.recherche.usherbrooke.ca\/wp-content\/uploads\/2025\/06\/Baniere_JCS2025v5-e1750872438274-300x143.png\" class=\"attachment-medium size-medium wp-post-image\" alt=\"\" style=\"width:100%;height:47.57%;max-width:1253px;\" srcset=\"https:\/\/centreseve.recherche.usherbrooke.ca\/wp-content\/uploads\/2025\/06\/Baniere_JCS2025v5-e1750872438274-300x143.png 300w, https:\/\/centreseve.recherche.usherbrooke.ca\/wp-content\/uploads\/2025\/06\/Baniere_JCS2025v5-e1750872438274-1024x487.png 1024w, https:\/\/centreseve.recherche.usherbrooke.ca\/wp-content\/uploads\/2025\/06\/Baniere_JCS2025v5-e1750872438274-768x365.png 768w, https:\/\/centreseve.recherche.usherbrooke.ca\/wp-content\/uploads\/2025\/06\/Baniere_JCS2025v5-e1750872438274.png 1253w\" sizes=\"(max-width: 300px) 100vw, 300px\" \/><\/div><a class=\"wp-block-latest-posts__post-title\" href=\"https:\/\/centreseve.recherche.usherbrooke.ca\/en\/journees-centre-seve-2025-2\/\">Journ\u00e9es Centre S\u00c8VE 2025<\/a><div class=\"wp-block-latest-posts__post-excerpt\">The Centre S\u00c8VE is pleased to invite you to its 2025 Annual Meeting, which will take place on November 20-21 at the H\u00f4tel Ch\u00e9ribourg in Orford. \u00a0 Check out our website for more details! \u00a0 This year, we are fortunate to welcome Justine Karst, Professor at the Department of Renewable Resources at the University of&hellip; <a class=\"more-link\" href=\"https:\/\/centreseve.recherche.usherbrooke.ca\/en\/journees-centre-seve-2025-2\/\">Continue reading <span class=\"screen-reader-text\">Journ\u00e9es Centre S\u00c8VE 2025<\/span><\/a><\/div><\/li>\n<li><div class=\"wp-block-latest-posts__featured-image\"><img loading=\"lazy\" decoding=\"async\" width=\"300\" height=\"300\" src=\"https:\/\/centreseve.recherche.usherbrooke.ca\/wp-content\/uploads\/2025\/06\/test-tube_11030473-300x300.png\" class=\"attachment-medium size-medium wp-post-image\" alt=\"\" style=\"width:100%;height:100%;max-width:200px;\" srcset=\"https:\/\/centreseve.recherche.usherbrooke.ca\/wp-content\/uploads\/2025\/06\/test-tube_11030473-300x300.png 300w, https:\/\/centreseve.recherche.usherbrooke.ca\/wp-content\/uploads\/2025\/06\/test-tube_11030473-150x150.png 150w, https:\/\/centreseve.recherche.usherbrooke.ca\/wp-content\/uploads\/2025\/06\/test-tube_11030473-e1749581235685.png 200w\" sizes=\"(max-width: 300px) 100vw, 300px\" \/><\/div><a class=\"wp-block-latest-posts__post-title\" href=\"https:\/\/centreseve.recherche.usherbrooke.ca\/en\/science-communication-competition\/\">Science Communication Competition<\/a><div class=\"wp-block-latest-posts__post-excerpt\">Have you published a paper on your research? \u00a0 Make it accessible, impactful, and striking by participating in our competition! \u00a0 Objective Vulgarize your scientific article using the creative format of your choice. \u00a0 Guidelines All formats suitable for sharing on social media are accepted: video clip (1-3 min.) infographic short text (max. 300 words)&hellip; <a class=\"more-link\" href=\"https:\/\/centreseve.recherche.usherbrooke.ca\/en\/science-communication-competition\/\">Continue reading <span class=\"screen-reader-text\">Science Communication Competition<\/span><\/a><\/div><\/li>\n<\/ul><\/div>\n<\/div>\n<\/div>\n<\/div>\n","protected":false},"excerpt":{"rendered":"<p>To find out about all the events organized by Centre S\u00c8VE<\/p>\n","protected":false},"author":1,"featured_media":0,"parent":0,"menu_order":0,"comment_status":"closed","ping_status":"closed","template":"","meta":{"_acf_changed":false,"footnotes":""},"class_list":["post-2013","page","type-page","status-publish","hentry","entry"],"acf":[],"_links":{"self":[{"href":"https:\/\/centreseve.recherche.usherbrooke.ca\/en\/wp-json\/wp\/v2\/pages\/2013","targetHints":{"allow":["GET"]}}],"collection":[{"href":"https:\/\/centreseve.recherche.usherbrooke.ca\/en\/wp-json\/wp\/v2\/pages"}],"about":[{"href":"https:\/\/centreseve.recherche.usherbrooke.ca\/en\/wp-json\/wp\/v2\/types\/page"}],"author":[{"embeddable":true,"href":"https:\/\/centreseve.recherche.usherbrooke.ca\/en\/wp-json\/wp\/v2\/users\/1"}],"replies":[{"embeddable":true,"href":"https:\/\/centreseve.recherche.usherbrooke.ca\/en\/wp-json\/wp\/v2\/comments?post=2013"}],"version-history":[{"count":9,"href":"https:\/\/centreseve.recherche.usherbrooke.ca\/en\/wp-json\/wp\/v2\/pages\/2013\/revisions"}],"predecessor-version":[{"id":3484,"href":"https:\/\/centreseve.recherche.usherbrooke.ca\/en\/wp-json\/wp\/v2\/pages\/2013\/revisions\/3484"}],"wp:attachment":[{"href":"https:\/\/centreseve.recherche.usherbrooke.ca\/en\/wp-json\/wp\/v2\/media?parent=2013"}],"curies":[{"name":"wp","href":"https:\/\/api.w.org\/{rel}","templated":true}]}}

<div class="wp-block-media-text is-stacked-on-mobile"><figure class="wp-block-media-text__media"><img fetchpriority="high" decoding="async" width="439" height="152" src="https://centreseve.recherche.usherbrooke.ca/wp-content/uploads/2023/02/green_bamboo-logo.png" alt="" class="wp-image-207 size-full" srcset="https://centreseve.recherche.usherbrooke.ca/wp-content/uploads/2023/02/green_bamboo-logo.png 439w, https://centreseve.recherche.usherbrooke.ca/wp-content/uploads/2023/02/green_bamboo-logo-300x104.png 300w" sizes="(max-width: 439px) 100vw, 439px" /></figure><div class="wp-block-media-text__content">
<p>To find out about all the events organized by Centre SÈVE</p>
</div></div>

<div class="wp-block-group is-style-default is-nowrap is-layout-flex wp-container-core-group-is-layout-ad2f72ca wp-block-group-is-layout-flex">
<div class="wp-block-columns alignfull are-vertically-aligned-bottom is-style-twentytwentyone-columns-overlap is-layout-flex wp-container-core-columns-is-layout-9d6595d7 wp-block-columns-is-layout-flex">
<div class="wp-block-column is-vertically-aligned-bottom is-layout-flow wp-block-column-is-layout-flow" style="flex-basis:100%">
<div class="wp-block-group is-style-default is-vertical is-layout-flex wp-container-core-group-is-layout-8cf370e7 wp-block-group-is-layout-flex"><ul style="padding-top:0;padding-bottom:0;padding-left:0;padding-right:0;" class="wp-block-latest-posts__list aligncenter is-style-twentytwentyone-latest-posts-dividers wp-block-latest-posts has-extra-small-font-size"><li><div class="wp-block-latest-posts__featured-image"><img decoding="async" width="300" height="268" src="https://centreseve.recherche.usherbrooke.ca/wp-content/uploads/2025/04/call-for-applications-300x268.png" class="attachment-medium size-medium wp-post-image" alt="" style="width:100%;height:89.32%;max-width:440px;" srcset="https://centreseve.recherche.usherbrooke.ca/wp-content/uploads/2025/04/call-for-applications-300x268.png 300w, https://centreseve.recherche.usherbrooke.ca/wp-content/uploads/2025/04/call-for-applications.png 440w" sizes="(max-width: 300px) 100vw, 300px" /></div><a class="wp-block-latest-posts__post-title" href="https://centreseve.recherche.usherbrooke.ca/en/offre-de-maitrise-cerom/">Research Project Opportunity (Master or other)-CÉROM</a><div class="wp-block-latest-posts__post-excerpt">CÉROM is looking for a student to participate to a multidisciplinary project (entomology, phytopathology) on the western bean cutworm, fusarium wilt, and mycotoxins, and their impacts on animal health. The objective of the project is to provide an up-to-date overview of mycotoxins in various corn crops across different regions of Quebec by assessing how VGOH&hellip; <a class="more-link" href="https://centreseve.recherche.usherbrooke.ca/en/offre-de-maitrise-cerom/">Continue reading <span class="screen-reader-text">Research Project Opportunity (Master or other)-CÉROM</span></a></div></li>
<li><div class="wp-block-latest-posts__featured-image"><img decoding="async" width="300" height="100" src="https://centreseve.recherche.usherbrooke.ca/wp-content/uploads/2025/07/Logo_JCS2025-300x100.png" class="attachment-medium size-medium wp-post-image" alt="" style="width:100%;height:33.18%;max-width:1718px;" srcset="https://centreseve.recherche.usherbrooke.ca/wp-content/uploads/2025/07/Logo_JCS2025-300x100.png 300w, https://centreseve.recherche.usherbrooke.ca/wp-content/uploads/2025/07/Logo_JCS2025-1024x340.png 1024w, https://centreseve.recherche.usherbrooke.ca/wp-content/uploads/2025/07/Logo_JCS2025-768x255.png 768w, https://centreseve.recherche.usherbrooke.ca/wp-content/uploads/2025/07/Logo_JCS2025-1536x510.png 1536w, https://centreseve.recherche.usherbrooke.ca/wp-content/uploads/2025/07/Logo_JCS2025-1568x520.png 1568w, https://centreseve.recherche.usherbrooke.ca/wp-content/uploads/2025/07/Logo_JCS2025.png 1718w" sizes="(max-width: 300px) 100vw, 300px" /></div><a class="wp-block-latest-posts__post-title" href="https://centreseve.recherche.usherbrooke.ca/en/journees-centre-seve-2025-3/">Journées Centre SÈVE 2025</a><div class="wp-block-latest-posts__post-excerpt">Looking back on the Journées Centre SÈVE 2025 On November 20-21, the Journées Centre SÈVE 2025 were held at the Hôtel Chéribourg in Orford. 🌿 Two days rich in exchanges, learning, and discoveries, during which we had the opportunity to&#8230; Attend keynote lectures by our guests of honour, Justine Karst (University of Alberta) and Frank&hellip; <a class="more-link" href="https://centreseve.recherche.usherbrooke.ca/en/journees-centre-seve-2025-3/">Continue reading <span class="screen-reader-text">Journées Centre SÈVE 2025</span></a></div></li>
<li><div class="wp-block-latest-posts__featured-image"><img loading="lazy" decoding="async" width="300" height="102" src="https://centreseve.recherche.usherbrooke.ca/wp-content/uploads/2025/10/Creation-sans-titre-1-300x102.png" class="attachment-medium size-medium wp-post-image" alt="" style="width:100%;height:34.2%;max-width:500px;" srcset="https://centreseve.recherche.usherbrooke.ca/wp-content/uploads/2025/10/Creation-sans-titre-1-300x102.png 300w, https://centreseve.recherche.usherbrooke.ca/wp-content/uploads/2025/10/Creation-sans-titre-1-1024x349.png 1024w, https://centreseve.recherche.usherbrooke.ca/wp-content/uploads/2025/10/Creation-sans-titre-1-768x262.png 768w, https://centreseve.recherche.usherbrooke.ca/wp-content/uploads/2025/10/Creation-sans-titre-1-1536x524.png 1536w, https://centreseve.recherche.usherbrooke.ca/wp-content/uploads/2025/10/Creation-sans-titre-1-1568x535.png 1568w, https://centreseve.recherche.usherbrooke.ca/wp-content/uploads/2025/10/Creation-sans-titre-1-e1761051447989.png 500w" sizes="(max-width: 300px) 100vw, 300px" /></div><a class="wp-block-latest-posts__post-title" href="https://centreseve.recherche.usherbrooke.ca/en/dei-training-self-promotion/">DEI Training &#8211; Self-promotion</a><div class="wp-block-latest-posts__post-excerpt">Self-promotion at work: an essential skill for everyone Centre SÈVE is pleased to collaborate with INTRIQ, COPL, CQMF, PROTEO, and RQMP to offer EDI training sessions. This fall, we invite you to join a workshop on self-promotion to learn how to effectively showcase your skills in the workplace and in your studies. Webinar Summary You’ve&hellip; <a class="more-link" href="https://centreseve.recherche.usherbrooke.ca/en/dei-training-self-promotion/">Continue reading <span class="screen-reader-text">DEI Training &#8211; Self-promotion</span></a></div></li>
<li><div class="wp-block-latest-posts__featured-image"><img loading="lazy" decoding="async" width="225" height="300" src="https://centreseve.recherche.usherbrooke.ca/wp-content/uploads/2025/08/Capture-decran-2025-08-19-092153-225x300.png" class="attachment-medium size-medium wp-post-image" alt="" style="width:100%;height:133.5%;max-width:200px;" srcset="https://centreseve.recherche.usherbrooke.ca/wp-content/uploads/2025/08/Capture-decran-2025-08-19-092153-225x300.png 225w, https://centreseve.recherche.usherbrooke.ca/wp-content/uploads/2025/08/Capture-decran-2025-08-19-092153-e1755609781529.png 200w" sizes="(max-width: 225px) 100vw, 225px" /></div><a class="wp-block-latest-posts__post-title" href="https://centreseve.recherche.usherbrooke.ca/en/workshop-on-antioxidants-general-public-project/">Workshop on Antioxidants &#8211; &#8220;General Public&#8221; Project</a><div class="wp-block-latest-posts__post-excerpt">🧪 Antioxidants in Food: High School Students Dive Into Biochemistry at Bishop’s University On April 18, 2025, a group of high school students from Stanstead took part in a hands-on science workshop hosted at Bishop’s University. The workshop, titled &#8220;Antioxidants in Food: Do Strawberries Have More Antioxidants than Blueberries?&#8220;, introduced students to the fascinating world&hellip; <a class="more-link" href="https://centreseve.recherche.usherbrooke.ca/en/workshop-on-antioxidants-general-public-project/">Continue reading <span class="screen-reader-text">Workshop on Antioxidants &#8211; &#8220;General Public&#8221; Project</span></a></div></li>
<li><div class="wp-block-latest-posts__featured-image"><img loading="lazy" decoding="async" width="300" height="143" src="https://centreseve.recherche.usherbrooke.ca/wp-content/uploads/2025/06/Baniere_JCS2025v5-e1750872438274-300x143.png" class="attachment-medium size-medium wp-post-image" alt="" style="width:100%;height:47.57%;max-width:1253px;" srcset="https://centreseve.recherche.usherbrooke.ca/wp-content/uploads/2025/06/Baniere_JCS2025v5-e1750872438274-300x143.png 300w, https://centreseve.recherche.usherbrooke.ca/wp-content/uploads/2025/06/Baniere_JCS2025v5-e1750872438274-1024x487.png 1024w, https://centreseve.recherche.usherbrooke.ca/wp-content/uploads/2025/06/Baniere_JCS2025v5-e1750872438274-768x365.png 768w, https://centreseve.recherche.usherbrooke.ca/wp-content/uploads/2025/06/Baniere_JCS2025v5-e1750872438274.png 1253w" sizes="(max-width: 300px) 100vw, 300px" /></div><a class="wp-block-latest-posts__post-title" href="https://centreseve.recherche.usherbrooke.ca/en/journees-centre-seve-2025-2/">Journées Centre SÈVE 2025</a><div class="wp-block-latest-posts__post-excerpt">The Centre SÈVE is pleased to invite you to its 2025 Annual Meeting, which will take place on November 20-21 at the Hôtel Chéribourg in Orford.   Check out our website for more details!   This year, we are fortunate to welcome Justine Karst, Professor at the Department of Renewable Resources at the University of&hellip; <a class="more-link" href="https://centreseve.recherche.usherbrooke.ca/en/journees-centre-seve-2025-2/">Continue reading <span class="screen-reader-text">Journées Centre SÈVE 2025</span></a></div></li>
<li><div class="wp-block-latest-posts__featured-image"><img loading="lazy" decoding="async" width="300" height="300" src="https://centreseve.recherche.usherbrooke.ca/wp-content/uploads/2025/06/test-tube_11030473-300x300.png" class="attachment-medium size-medium wp-post-image" alt="" style="width:100%;height:100%;max-width:200px;" srcset="https://centreseve.recherche.usherbrooke.ca/wp-content/uploads/2025/06/test-tube_11030473-300x300.png 300w, https://centreseve.recherche.usherbrooke.ca/wp-content/uploads/2025/06/test-tube_11030473-150x150.png 150w, https://centreseve.recherche.usherbrooke.ca/wp-content/uploads/2025/06/test-tube_11030473-e1749581235685.png 200w" sizes="(max-width: 300px) 100vw, 300px" /></div><a class="wp-block-latest-posts__post-title" href="https://centreseve.recherche.usherbrooke.ca/en/science-communication-competition/">Science Communication Competition</a><div class="wp-block-latest-posts__post-excerpt">Have you published a paper on your research?   Make it accessible, impactful, and striking by participating in our competition!   Objective Vulgarize your scientific article using the creative format of your choice.   Guidelines All formats suitable for sharing on social media are accepted: video clip (1-3 min.) infographic short text (max. 300 words)&hellip; <a class="more-link" href="https://centreseve.recherche.usherbrooke.ca/en/science-communication-competition/">Continue reading <span class="screen-reader-text">Science Communication Competition</span></a></div></li>
</ul></div>
</div>
</div>
</div>

<p>To find out about all the events organized by Centre SÈVE</p>
